= -268*h**3 - 7*h**2 - 11*h + 18. List the prime factors of i(-5).
2, 16699
Let o = 1073 + -691. Suppose 0 = -18*q + 16*q + o. Let y = 439 - q. What are the prime factors of y?
2, 31
Let s(x) = -42 + 13*x - 5*x - 63 - 35 + 3*x. What are the prime factors of s(35)?
5, 7
Suppose -10*w - 17549 - 18601 = 0. Let v = -9619 - w. List the prime factors of ((-3)/(-2))/((-57)/v).
2, 79
Suppose -5*r - 83 = -3*s + 5*s, -34 = s + 4*r. List the prime factors of ((-194)/3)/(9/(s/4)).
97
Let v = 4710 + 10838. List the prime factors of v.
2, 13, 23
Let b = 180 - 121. Let c = b + -55. What are the prime factors of (0 - 265/(-10))*c?
2, 53
Suppose 9*j - 6*j = -2*t + 6065, t = -4*j + 8085. What are the prime factors of j?
43, 47
Let y(d) = -11*d**3 - 9*d**2 + 4*d. Let l(c) = 12*c**3 + 8*c**2 - 3*c. Let a(u) = -6*l(u) - 5*y(u). What are the prime factors of a(-2)?
2
Let m(g) = -g - 1. Let q(f) = -2*f - 27. Let t be q(-11). Let v be m(t). Let h(x) = 7*x**2 - 5*x + 10. What are the prime factors of h(v)?
2, 3, 17
Suppose 0 = 175*k - 140*k - 36242 + 12967. What are the prime factors of k?
5, 7, 19
Let y = 200 + -188. What are the prime factors of (146*-1)/(y/(-18))?
3, 73
Let i(c) = c**2 + 6*c - 95. Suppose 12 = -3*r + 5*t - 5, 4*r - 3*t + 41 = 0. What are the prime factors of i(r)?
17
Suppose 15 = -3*p - 0*p. Let k be 2/p - 2/(-5). List the prime factors of 0 + k - (-4 - 3).
7
Let u = 3103 - 476. What are the prime factors of u?
37, 71
Suppose -74*m - 82*m = -7*m - 2351220. What are the prime factors of m?
2, 3, 5, 263
List the prime factors of 1/((-450364)/(-675528) + 10/15*-1).
2, 7, 4021
Let d(g) = -4*g - 82. Let f be d(-21). Let b be 2 - 16 - ((-8)/f + 4). Let j = 190 + b. List the prime factors of j.
2, 11
Let x(i) = -2*i**2 - 2*i + 1. Let b be x(-2). Let q(p) = p**2 + 5*p + 10. Let w be q(b). Let v = 40 + w. What are the prime factors of v?
2, 11
Suppose -s = 5*j - 493 - 340, 2435 = 3*s - j. Suppose z + 3*o - 271 = -o, 0 = -3*z + 4*o + s. List the prime factors of z.
271
Let y(n) = 4*n + 54. Let i be y(-12). Suppose 5*a - 5815 = -5*m, 5807 = 5*a + i*m - 3*m. List the prime factors of a.
19, 61
Let o = 27852 - -25041. What are the prime factors of o?
3, 653
Let s be (-3)/(-12) - 8/32. Suppose -3*k - 15 = s, i = -0*i - 4*k + 105. What are the prime factors of i?
5
Let j(k) = 10*k**2 + 40*k + 209. What are the prime factors of j(-56)?
139, 211
Suppose -5*t - 12 = -3*x - 2*t, 3*x + 2 = -4*t. Suppose -x*q + 5*q + r - 1825 = 0, -3*r - 2455 = -4*q. What are the prime factors of q?
2, 5, 61
Let h(n) = 5*n**2 + 32*n - 2521. List the prime factors of h(-57).
2, 5, 7, 17
Let q = -36 - -41. Suppose 0 = q*z - z + 524. Let x = 186 + z. List the prime factors of x.
5, 11
Let k = -2937 + 3537. What are the prime factors of k?
2, 3, 5
Let u(c) = 5*c - 12. Let g be u(3). Suppose g*p - 4*p = v - 1355, -4071 = -3*p + 3*v. List the prime factors of p.
2, 3, 113
Let k(u) = -7*u**2 + 34*u - 1. Let q be k(5). What are the prime factors of (-9)/3*(-2)/(q/(-443))?
443
Suppose -3*z = -4*z - 15. Let r be (-36)/((-20)/(-6) - z/(-5)). List the prime factors of 3 + 3 + -4 + r/(-1).
2, 5, 11
Let c(y) = -2 + 17 - 3*y + 2*y - 7*y. Suppose -51*n - 801 = 38*n. List the prime factors of c(n).
3, 29
Suppose 15*v - 19*v + 20747 = k, 4*k - 83016 = -2*v. List the prime factors of k.
5, 7, 593
Suppose 0 = -235*k + 1460974 + 2146746. List the prime factors of k.
2, 19, 101
Let j(h) = -869*h**3 - 4*h**2 - 4*h. Suppose -1767*b + 1764*b - 3 = 0. List the prime factors of j(b).
11, 79
Suppose 5*t + 610 = 3*b, -5*b = -b + 4*t - 792. Let y = b + 248. List the prime factors of y.
2, 7
Let f(c) = -538*c - 61. Suppose 4*t - 4 = -4*v, -20 = 4*v + 3*t - 5*t. What are the prime factors of f(v)?
1553
Let z(v) = -28*v + 39. Let r = -121 - -105. List the prime factors of z(r).
487
Let v = 20415 - 10653. List the prime factors of v.
2, 3, 1627
Let i = -214 - -219. Suppose -19*r + 15*r + 2056 = -2*o, -i*r + 2563 = o. List the prime factors of r.
3, 19
Let a(g) = 162*g - 72. Let w be a(15). Let p = w + -880. List the prime factors of p.
2, 739
Let r be (-2 + 5)/((-6)/(-2000)). Let l be (9/18)/(1 + 22/(-24)). Suppose l*u + r = 10*u. What are the prime factors of u?
2, 5
Let n be ((-44)/(-9) + -4)/((-8)/(-36)). Suppose -10*v - 2348 = -12*v - n*t, 0 = -2*v + 3*t + 2376. What are the prime factors of v?
2, 3, 197
Let z = -147 + -138. Let i = z - -675. What are the prime factors of i?
2, 3, 5, 13
Let s = -656 + 639. Let f(p) be the second derivative of p**5/20 + 4*p**4/3 - 4*p**3 - 2*p**2 + p. List the prime factors of f(s).
5, 23
Let y(u) = u**2 + 2*u - 32. Let j be y(-7). Let h(c) = -9*c**2 - 128 + 0*c**3 + c**j + 5*c + 108 - 5*c**2. What are the prime factors of h(14)?
2, 5
Suppose 99*f - 93*f - 148500 = 0. List the prime factors of f.
2, 3, 5, 11
Suppose -2*l = 5*b - 1910 - 2131, 0 = -b + 3*l + 815. What are the prime factors of b?
809
Suppose -118*n = -116*n + 4*v - 70780, v - 70774 = -2*n. What are the prime factors of n?
2, 13, 1361
Suppose -i = -j + 19, 5*i = -2*j - 0*i + 45. Suppose 0 = -j*d + 1267 + 513. What are the prime factors of d?
89
Let y be (-18)/(-27)*(-6)/(-4)*-648. Let j = 161 - y. What are the prime factors of j?
809
Suppose 2 + 23 = 5*i. Let o(d) be the second derivative of 2*d**3/3 - 11*d**2/2 - d + 2. What are the prime factors of o(i)?
3
Let u(x) = 742*x - 6. Let m be u(2). Let f = m + -1049. Suppose 2*b - f = -b. List the prime factors of b.
11, 13
Let i(l) = 87*l**2 + 2*l + 25. Let h be i(7). Let q = h + -2243. List the prime factors of q.
29, 71
Suppose 108*m = 146*m - 21470. List the prime factors of m.
5, 113
Let s(w) = -8755*w + 1303. List the prime factors of s(-1).
2, 47, 107
Let j(k) = -11507*k**3 - 8*k**2 - 7*k + 3. List the prime factors of j(-1).
17, 677
Let m = 3222 + -10. List the prime factors of m.
2, 11, 73
Suppose -4*f - 5*q - 131937 = 0, -9*f + 4*q = -4*f + 164870. What are the prime factors of (-90)/(-1035) + f/(-46)?
3, 239
Let m be (6 + 75/(-10))*2 + 10073. Suppose -18*c = -m - 11890. List the prime factors of c.
2, 5, 61
Let g(h) = 3940*h**3 - 9*h + 10. List the prime factors of g(1).
7, 563
Let r = -47 - -60. Suppose 0 = -r*d - d + 2884. List the prime factors of d.
2, 103
Suppose p = 4*x - 23, 0 = -3*x + 6*x - 2*p - 16. Suppose -512 = -4*m + 4*c, 4*m - x*m + 270 = 5*c. What are the prime factors of m?
2, 5, 13
List the prime factors of 33485 - (7/(-35))/((-1)/5).
2, 11, 761
Let j be (-1)/3 + ((-20)/(-6) - 1). Suppose 5*c = -4*u + 29, -5*u = j*c - c - 10. Suppose 4*y - 5*y + c*k = -240, 5*k - 435 = -2*y. List the prime factors of y.
3, 5
Let y = 2864 - 1542. List the prime factors of y.
2, 661
Suppose -3*k + 5 + 1 = 4*b, 4*k = -3*b + 8. Suppose 0 = 4*w - k*w - 4. Suppose 5*u - 853 = -2*a, w*u - 232 = 4*a + 114. What are the prime factors of u?
3, 19
Let o be 4 + 28/32 + 3/24. Suppose -o*j - 261 - 1354 = -5*m, m - 4*j - 314 = 0. Let q = -194 + m. List the prime factors of q.
2, 3, 11
Suppose 3*i - 30 = -3*g, -5*i - 2*g + 28 = -7. Let q = 999 + -996. Suppose -313 = -i*l + 2*p, 3*l = -0*p + q*p + 186. List the prime factors of l.
3, 7
Suppose 0 = -0*u + 48*u - 144. Suppose 3*d + u*b = -0*d + 2328, 3*b + 2304 = 3*d. What are the prime factors of d?
2, 193
Let v be ((-28)/12)/(2/6). Let h = 35 - v. Suppose y = 5*k + 7, k - 28 = -4*y + h. What are the prime factors of y?
17
Let b be -15 + 4 + -1 + 3. Let s be (0 - -1) + -4 + b. What are the prime factors of (-4 - -1)*2/(s/22)?
11
Suppose -4*i = -0*g + 2*g - 6, -6 = -5*i - 3*g. Suppose 5*u - 8 = -2*p, -2*p + u = i*p + 7. What are the prime factors of ((-50)/20)/(p/4)?
2, 5
Suppose 0 = k - 0*y - y - 134, 400 = 3*k - 5*y. Suppose k*a = 150*a - 8370. List the prime factors of a.
2, 3, 31
Let s be ((-15)/6)/((-2)/36). Let o = s - 47. List the prime factors of (-1)/o*((-744)/(-3) + -2).
3, 41
Let p = -794 + 4798. What are the prime factors of p?
2, 7, 11, 13
Suppose -u = -0*u - 5. Suppose -25 = -u*y + 6*y. Let i = y - -111. List the prime factors of i.
2, 43
Suppose n = 20*i - 72397 - 20517, -4*n = 4*i - 18608. What are the prime factors of i?
2, 23, 101
Let i(t) = -2*t**3 - 22*t**2 + 41*t - 50. List the prime factors of i(-19).
3, 17, 97
Let v be (-14)/8*1*-4. Let h(j) be the first derivative of j**3/3 + 5*j**2/2 - 10*j + 80. List 